emainder when 48 is divided by 36?
12
Calculate the remainder when 607 is divided by 17.
12
What is the remainder when 368 is divided by 140?
88
Calculate the remainder when 141 is divided by 30.
21
Calculate the remainder when 314 is divided by 19.
10
What is the remainder when 106 is divided by 30?
16
Calculate the remainder when 213 is divided by 75.
63
Calculate the remainder when 328 is divided by 66.
64
What is the remainder when 10 is divided by 1?
0
What is the remainder when 12361 is divided by 11?
8
Calculate the remainder when 15690 is divided by 5228.
6
What is the remainder when 268 is divided by 15?
13
Calculate the remainder when 435 is divided by 146.
143
Calculate the remainder when 345 is divided by 340.
5
What is the remainder when 25269 is divided by 24?
21
What is the remainder when 368 is divided by 158?
52
Calculate the remainder when 52 is divided by 23.
6
What is the remainder when 217 is divided by 55?
52
Calculate the remainder when 95 is divided by 27.
14
What is the remainder when 205 is divided by 50?
5
What is the remainder when 583 is divided by 67?
47
What is the remainder when 1640 is divided by 87?
74
What is the remainder when 518 is divided by 198?
122
What is the remainder when 170 is divided by 52?
14
What is the remainder when 366 is divided by 126?
114
What is the remainder when 1616 is divided by 27?
23
Calculate the remainder when 163 is divided by 33.
31
Calculate the remainder when 6299 is divided by 126.
125
Calculate the remainder when 756 is divided by 20.
16
Calculate the remainder when 4599 is divided by 115.
114
Calculate the remainder when 643 is divided by 18.
13
What is the remainder when 104 is divided by 44?
16
Calculate the remainder when 20 is divided by 6.
2
What is the remainder when 351 is divided by 118?
115
Calculate the remainder when 473 is divided by 62.
39
What is the remainder when 36 is divided by 13?
10
Calculate the remainder when 120 is divided by 41.
38
What is the remainder when 4894 is divided by 136?
134
What is the remainder when 368 is divided by 11?
5
What is the remainder when 330 is divided by 28?
22
Calculate the remainder when 11798 is divided by 200.
198
Calculate the remainder when 1026 is divided by 31.
3
What is the remainder when 1362 is divided by 396?
174
What is the remainder when 39 is divided by 15?
9
What is the remainder when 81 is divided by 32?
17
Calculate the remainder when 374 is divided by 46.
6
Calculate the remainder when 5807 is divided by 47.
26
Calculate the remainder when 253 is divided by 105.
43
What is the remainder when 1227 is divided by 113?
97
What is the remainder when 182 is divided by 87?
8
Calculate the remainder when 677 is divided by 170.
167
What is the remainder when 106 is divided by 35?
1
What is the remainder when 332 is divided by 30?
2
Calculate the remainder when 119 is divided by 99.
20
What is the remainder when 2645 is divided by 18?
17
Calculate the remainder when 576 is divided by 284.
8
What is the remainder when 1441 is divided by 22?
11
Calculate the remainder when 963 is divided by 11.
6
What is the remainder when 413 is divided by 32?
29
What is the remainder when 1185 is divided by 1173?
12
What is the remainder when 4442 is divided by 234?
230
What is the remainder when 539 is divided by 248?
43
What is the remainder when 420 is divided by 9?
6
What is the remainder when 1206 is divided by 42?
30
What is the remainder when 12839 is divided by 8?
7
Calculate the remainder when 1008 is divided by 164.
24
Calculate the remainder when 26594 is divided by 186.
182
Calculate the remainder when 159 is divided by 46.
21
What is the remainder when 526 is divided by 33?
31
What is the remainder when 1692 is divided by 15?
12
What is the remainder when 16 is divided by 15?
1
Calculate the remainder when 62 is divided by 10.
2
Calculate the remainder when 7132 is divided by 7.
6
What is the remainder when 796 is divided by 398?
0
Calculate the remainder when 177 is divided by 113.
64
What is the remainder when 1101 is divided by 8?
5
Calculate the remainder when 230 is divided by 58.
56
What is the remainder when 215 is divided by 141?
74
Calculate the remainder when 5175 is divided by 85.
75
Calculate the remainder when 833 is divided by 29.
21
What is the remainder when 242 is divided by 64?
50
Calculate the remainder when 690 is divided by 33.
30
Calculate the remainder when 138 is divided by 24.
18
Calculate the remainder when 842 is divided by 416.
10
What is the remainder when 901 is divided by 318?
265
Calculate the remainder when 1425 is divided by 21.
18
What is the remainder when 3916 is divided by 3913?
3
Calculate the remainder when 11 is divided by 4.
3
What is the remainder when 62 is divided by 33?
29
Calculate the remainder when 189 is divided by 51.
36
What is the remainder when 117 is divided by 6?
3
What is the remainder when 437 is divided by 51?
29
What is the remainder when 1300 is divided by 31?
29
Calculate the remainder when 472 is divided by 12.
4
Calculate the remainder when 64 is divided by 13.
12
Calculate the remainder when 58 is divided by 19.
1
What is the remainder when 222 is divided by 25?
22
Calculate the remainder when 426 is divided by 209.
8
What is the remainder when 111 is divided by 23?
19
Calculate the remainder when 1099 is divided by 55.
54
Calculate the remainder when 2182 is divided by 42.
40
Calculate the remainder when 41 is divided by 18.
5
What is the remainder when 63 is divided by 38?
25
Calculate the remainder when 566 is divided by 269.
28
Calculate the remainder when 42 is divided by 11.
9
Calculate the remainder when 132 is divided by 120.
12
What is the remainder when 19 is divided by 10?
9
What is the remainder when 4382 is divided by 9?
8
Calculate the remainder when 690 is divided by 118.
100
What is the remainder when 451 is divided by 191?
69
Calculate the remainder when 305 is divided by 81.
62
Calculate the remainder when 320 is divided by 46.
44
Calculate the remainder when 36 is divided by 20.
16
Calculate the remainder when 166 is divided by 56.
54
What is the remainder when 31 is divided by 7?
3
Calculate the remainder when 524 is divided by 172.
8
Calculate the remainder when 1126 is divided by 23.
22
What is the remainder when 2294 is divided by 14?
12
What is the remainder when 2170 is divided by 361?
4
Calculate the remainder when 382 is divided by 20.
2
Calculate the remainder when 2065 is divided by 94.
91
What is the remainder when 99 is divided by 29?
12
What is the remainder when 128 is divided by 30?
8
What is the remainder when 204 is divided by 67?
3
Calculate the remainder when 55 is divided by 27.
1
What is the remainder when 2528 is divided by 30?
8
What is the remainder when 253 is divided by 16?
13
What is the remainder when 20708 is divided by 26?
12
Calculate the remainder when 5469 is divided by 96.
93
Calculate the remainder when 4911 is divided by 27.
24
What is the remainder when 463 is divided by 49?
22
Calculate the remainder when 710 is divided by 173.
18
Calculate the remainder when 110 is divided by 11.
0
What is the remainder when 97 is divided by 11?
9
Calculate the remainder when 128 is divided by 20.
8
Calculate the remainder when 239 is divided by 48.
47
Calculate the remainder when 311 is divided by 26.
25
What is the remainder when 212 is divided by 17?
8
Calculate the remainder when 572 is divided by 192.
188
What is the remainder when 988 is divided by 18?
16
Calculate the remainder when 3604 is divided by 13.
3
What is the remainder when 417 is divided by 70?
67
What is the remainder when 11 is divided by 3?
2
Calculate the remainder when 116 is divided by 58.
0
Calculate the remainder when 266 is divided by 63.
14
What is the remainder when 86 is divided by 30?
26
What is the remainder when 328 is divided by 47?
46
Calculate the remainder when 9 is divided by 7.
2
Calculate the remainder when 128 is divided by 87.
41
Calculate the remainder when 453 is divided by 38.
35
What is the remainder when 481 is divided by 36?
13
Calculate the remainder when 219 is divided by 22.
21
What is the remainder when 14649 is divided by 25?
24
What is the remainder when 404 is divided by 134?
2
What is the remainder when 49